{"id":9333,"date":"2024-05-14T11:01:27","date_gmt":"2024-05-14T09:01:27","guid":{"rendered":"https:\/\/belenzotano.com\/bz\/?post_type=product&#038;p=9333"},"modified":"2024-05-16T22:06:36","modified_gmt":"2024-05-16T20:06:36","slug":"banador-nino-comecocos-rosa","status":"publish","type":"product","link":"https:\/\/belenzotano.com\/bz\/producto\/banador-nino-comecocos-rosa\/","title":{"rendered":"Ba\u00f1ador Ni\u00f1o ComeCocos Rosa"},"content":{"rendered":"<p>Ba\u00f1ador ni\u00f1o ComeCocos.<\/p>\n<p>Ba\u00f1ador ni\u00f1o Rosa Fl\u00faor con ComeCocos en Negro y cord\u00f3n en color Negro.<\/p>\n<p>Esta Colecci\u00f3n la tenemos para Pap\u00e1s e Hijos.<\/p>\n<p>Secado r\u00e1pido.<\/p>\n<p>Todos nuestros ba\u00f1adores est\u00e1n confeccionados artesanalmente en Espa\u00f1a.<\/p>\n<p>Cuidamos hasta el m\u00e1s m\u00ednimo detalle, haciendo de su Calidad y Dise\u00f1o sean \u00fanicos en el mercado.<\/p>\n<p>Si quieres que te asesoremos con tallas, o cualquier otra consulta, escr\u00edbenos y te ayudaremos.<\/p>\n<p>COMPOSICI\u00d3N:<\/p>\n<p>100% Poliester.<\/p>\n<p>&nbsp;<\/p>\n","protected":false},"excerpt":{"rendered":"<p>Ba\u00f1ador ni\u00f1o ComeCocos.<\/p>\n<p><a href=\"https:\/\/belenzotano.com\/bz\/guia-de-tallas\/\"><img loading=\"lazy\" decoding=\"async\" class=\"alignnone wp-image-770\" src=\"https:\/\/belenzotano.com\/bz\/wp-content\/uploads\/2019\/01\/boton-tallas.png\" alt=\"\" width=\"204\" height=\"57\" \/><\/a><\/p>\n","protected":false},"featured_media":9517,"comment_status":"open","ping_status":"closed","template":"","meta":{"_joinchat":[]},"product_brand":[],"product_cat":[556,563,26,462,43,293,429],"product_tag":[562,511,558,560,561,559],"class_list":{"0":"post-9333","1":"product","2":"type-product","3":"status-publish","4":"has-post-thumbnail","6":"product_cat-coleccion-comecocos","7":"product_cat-coleccion-rosa-fluor","8":"product_cat-tienda-bano","9":"product_cat-bano-nino","10":"product_cat-banadores-para-ninos-belen-zotano","11":"product_cat-banadores-ninos","12":"product_cat-nueva-coleccion","13":"product_tag-banador-comecocos","14":"product_tag-banador-nino","15":"product_tag-banador-nino-fluor","16":"product_tag-banadores-a-juegos","17":"product_tag-comecocos","18":"product_tag-papas-e-hijos","19":"pa_coleccion-comecocos-rosa","20":"pa_tallas-banadores-453","21":"pa_tallas-banadores-454","22":"pa_tallas-banadores-455","23":"pa_tallas-banadores-452","25":"first","26":"instock","27":"taxable","28":"shipping-taxable","29":"purchasable","30":"product-type-variable"},"_links":{"self":[{"href":"https:\/\/belenzotano.com\/bz\/wp-json\/wp\/v2\/product\/9333","targetHints":{"allow":["GET"]}}],"collection":[{"href":"https:\/\/belenzotano.com\/bz\/wp-json\/wp\/v2\/product"}],"about":[{"href":"https:\/\/belenzotano.com\/bz\/wp-json\/wp\/v2\/types\/product"}],"replies":[{"embeddable":true,"href":"https:\/\/belenzotano.com\/bz\/wp-json\/wp\/v2\/comments?post=9333"}],"wp:featuredmedia":[{"embeddable":true,"href":"https:\/\/belenzotano.com\/bz\/wp-json\/wp\/v2\/media\/9517"}],"wp:attachment":[{"href":"https:\/\/belenzotano.com\/bz\/wp-json\/wp\/v2\/media?parent=9333"}],"wp:term":[{"taxonomy":"product_brand","embeddable":true,"href":"https:\/\/belenzotano.com\/bz\/wp-json\/wp\/v2\/product_brand?post=9333"},{"taxonomy":"product_cat","embeddable":true,"href":"https:\/\/belenzotano.com\/bz\/wp-json\/wp\/v2\/product_cat?post=9333"},{"taxonomy":"product_tag","embeddable":true,"href":"https:\/\/belenzotano.com\/bz\/wp-json\/wp\/v2\/product_tag?post=9333"}],"curies":[{"name":"wp","href":"https:\/\/api.w.org\/{rel}","templated":true}]}}

Bañador Niño ComeCocos Rosa

<p>Bañador niño ComeCocos.</p>
<p>Bañador niño Rosa Flúor con ComeCocos en Negro y cordón en color Negro.</p>
<p>Esta Colección la tenemos para Papás e Hijos.</p>
<p>Secado rápido.</p>
<p>Todos nuestros bañadores están confeccionados artesanalmente en España.</p>
<p>Cuidamos hasta el más mínimo detalle, haciendo de su Calidad y Diseño sean únicos en el mercado.</p>
<p>Si quieres que te asesoremos con tallas, o cualquier otra consulta, escríbenos y te ayudaremos.</p>
<p>COMPOSICIÓN:</p>
<p>100% Poliester.</p>
<p>&nbsp;</p>

<p>Bañador niño ComeCocos.</p>
<p><a href="https://belenzotano.com/bz/guia-de-tallas/"><img loading="lazy" decoding="async" class="alignnone wp-image-770" src="https://belenzotano.com/bz/wp-content/uploads/2019/01/boton-tallas.png" alt="" width="204" height="57" /></a></p>
