{"id":4674,"date":"2019-07-16T10:25:00","date_gmt":"2019-07-16T08:25:00","guid":{"rendered":"https:\/\/belenzotano.com\/bz\/?post_type=product&#038;p=4674"},"modified":"2024-02-20T20:40:34","modified_gmt":"2024-02-20T19:40:34","slug":"culetin-nina-palmeras","status":"publish","type":"product","link":"https:\/\/belenzotano.com\/bz\/producto\/culetin-nina-palmeras\/","title":{"rendered":"Culet\u00edn ni\u00f1a Palmeras"},"content":{"rendered":"<p>Culet\u00edn ni\u00f1a Colecci\u00f3n Palmeras.<\/p>\n<p>Esta Colecci\u00f3n es tendencia esta temporada, el negro esta moda hasta para los m\u00e1s peque\u00f1os de la casa.<\/p>\n<p>Parte delantera estampada \u00a0y parte trasera con volante estampado y culo en negro.<\/p>\n<p>Esta Colecci\u00f3n la tenemos para toda la familia.<\/p>\n<p>Todos nuestros ba\u00f1adores est\u00e1n confeccionados artesanalmente en Espa\u00f1a.<\/p>\n<p>Cuidamos hasta el m\u00e1s m\u00ednimo detalle, haciendo de su Calidad y Dise\u00f1o sean \u00fanicos en el mercado.<\/p>\n<p>Si quieres que te asesoremos con tallas, o cualquier otra consulta, escr\u00edbenos y te ayudaremos.<\/p>\n<p>COMPOSICI\u00d3N:<\/p>\n<p>90%PA 10% EA.<\/p>\n","protected":false},"excerpt":{"rendered":"<p>Culet\u00edn ni\u00f1a Colecci\u00f3n Palmeras.<\/p>\n","protected":false},"featured_media":4673,"comment_status":"open","ping_status":"closed","template":"","meta":{"_joinchat":[]},"product_brand":[],"product_cat":[464,26,359,44,294],"product_tag":[252,254,253,250,249,246,335],"class_list":{"0":"post-4674","1":"product","2":"type-product","3":"status-publish","4":"has-post-thumbnail","6":"product_cat-bano-nina","7":"product_cat-tienda-bano","8":"product_cat-coleccion-palmera","9":"product_cat-bikinis-para-ninas-belen-zotano","10":"product_cat-bikinis-banadores-ninas","11":"product_tag-banadores","12":"product_tag-banadores-iguales","13":"product_tag-banadores-para-toda-la-familia","14":"product_tag-bikinis-alta-calidad","15":"product_tag-bikinis-ninas","16":"product_tag-culetin","17":"product_tag-nina","18":"pa_coleccion-palmeras","19":"pa_tallas-banadores-449","20":"pa_tallas-banadores-450","21":"pa_tallas-banadores-451","22":"pa_tallas-banadores-452","24":"first","25":"instock","26":"sale","27":"taxable","28":"shipping-taxable","29":"purchasable","30":"product-type-variable"},"_links":{"self":[{"href":"https:\/\/belenzotano.com\/bz\/wp-json\/wp\/v2\/product\/4674","targetHints":{"allow":["GET"]}}],"collection":[{"href":"https:\/\/belenzotano.com\/bz\/wp-json\/wp\/v2\/product"}],"about":[{"href":"https:\/\/belenzotano.com\/bz\/wp-json\/wp\/v2\/types\/product"}],"replies":[{"embeddable":true,"href":"https:\/\/belenzotano.com\/bz\/wp-json\/wp\/v2\/comments?post=4674"}],"wp:featuredmedia":[{"embeddable":true,"href":"https:\/\/belenzotano.com\/bz\/wp-json\/wp\/v2\/media\/4673"}],"wp:attachment":[{"href":"https:\/\/belenzotano.com\/bz\/wp-json\/wp\/v2\/media?parent=4674"}],"wp:term":[{"taxonomy":"product_brand","embeddable":true,"href":"https:\/\/belenzotano.com\/bz\/wp-json\/wp\/v2\/product_brand?post=4674"},{"taxonomy":"product_cat","embeddable":true,"href":"https:\/\/belenzotano.com\/bz\/wp-json\/wp\/v2\/product_cat?post=4674"},{"taxonomy":"product_tag","embeddable":true,"href":"https:\/\/belenzotano.com\/bz\/wp-json\/wp\/v2\/product_tag?post=4674"}],"curies":[{"name":"wp","href":"https:\/\/api.w.org\/{rel}","templated":true}]}}

Culetín niña Palmeras

<p>Culetín niña Colección Palmeras.</p>
<p>Esta Colección es tendencia esta temporada, el negro esta moda hasta para los más pequeños de la casa.</p>
<p>Parte delantera estampada  y parte trasera con volante estampado y culo en negro.</p>
<p>Esta Colección la tenemos para toda la familia.</p>
<p>Todos nuestros bañadores están confeccionados artesanalmente en España.</p>
<p>Cuidamos hasta el más mínimo detalle, haciendo de su Calidad y Diseño sean únicos en el mercado.</p>
<p>Si quieres que te asesoremos con tallas, o cualquier otra consulta, escríbenos y te ayudaremos.</p>
<p>COMPOSICIÓN:</p>
<p>90%PA 10% EA.</p>

<p>Culetín niña Colección Palmeras.</p>
