{"id":3288,"date":"2019-01-12T20:04:24","date_gmt":"2019-01-12T19:04:24","guid":{"rendered":"http:\/\/belenzotano.com\/bz\/?post_type=product&#038;p=3288"},"modified":"2025-05-26T17:25:11","modified_gmt":"2025-05-26T15:25:11","slug":"banador-hombre-4","status":"publish","type":"product","link":"https:\/\/belenzotano.com\/bz\/producto\/banador-hombre-4\/","title":{"rendered":"Ba\u00f1ador Hombre Palmeras"},"content":{"rendered":"<p>Ba\u00f1ador Hombre Colecci\u00f3n Palmeras, bolsillos laterales y cord\u00f3n Negro.<\/p>\n<p>Secado r\u00e1pido:<\/p>\n<p>Esta colecci\u00f3n la tenemos para toda la familia.<\/p>\n<p>Todos nuestros ba\u00f1adores est\u00e1n confeccionados artesanalmente en Espa\u00f1a.<\/p>\n<p>Cuidamos hasta el m\u00e1s m\u00ednimo detalle, haciendo de su Calidad y Dise\u00f1o sean \u00fanicos en el mercado.<\/p>\n<p>Si quieres que te asesoremos con tallas, o cualquier otra consulta, escr\u00edbenos y te ayudaremos.<\/p>\n<p>COMPOSICI\u00d3N:<\/p>\n<p>:100% Poliester.<\/p>\n<p>&nbsp;<\/p>\n","protected":false},"excerpt":{"rendered":"<p>Ba\u00f1ador Hombre Colecci\u00f3n Palmeras.<\/p>\n<p><a href=\"https:\/\/belenzotano.com\/bz\/guia-de-tallas\/\"><img loading=\"lazy\" decoding=\"async\" class=\"alignnone wp-image-770\" src=\"https:\/\/belenzotano.com\/bz\/wp-content\/uploads\/2019\/01\/boton-tallas.png\" alt=\"\" width=\"204\" height=\"57\" \/><\/a><\/p>\n","protected":false},"featured_media":3301,"comment_status":"open","ping_status":"closed","template":"","meta":{"_joinchat":[]},"product_brand":[],"product_cat":[26,41,359],"product_tag":[269,348],"class_list":{"0":"post-3288","1":"product","2":"type-product","3":"status-publish","4":"has-post-thumbnail","6":"product_cat-tienda-bano","7":"product_cat-banadores-hombre-belen-zotano","8":"product_cat-coleccion-palmera","9":"product_tag-banador-hombre","10":"product_tag-banador-hombre-secado-rapido-unico-exclusivo","11":"pa_coleccion-palmeras","12":"pa_tallas-banadores-l","13":"pa_tallas-banadores-m","14":"pa_tallas-banadores-s","15":"pa_tallas-banadores-xl","16":"pa_tallas-banadores-xxl","18":"first","19":"instock","20":"sale","21":"taxable","22":"shipping-taxable","23":"purchasable","24":"product-type-variable"},"_links":{"self":[{"href":"https:\/\/belenzotano.com\/bz\/wp-json\/wp\/v2\/product\/3288","targetHints":{"allow":["GET"]}}],"collection":[{"href":"https:\/\/belenzotano.com\/bz\/wp-json\/wp\/v2\/product"}],"about":[{"href":"https:\/\/belenzotano.com\/bz\/wp-json\/wp\/v2\/types\/product"}],"replies":[{"embeddable":true,"href":"https:\/\/belenzotano.com\/bz\/wp-json\/wp\/v2\/comments?post=3288"}],"wp:featuredmedia":[{"embeddable":true,"href":"https:\/\/belenzotano.com\/bz\/wp-json\/wp\/v2\/media\/3301"}],"wp:attachment":[{"href":"https:\/\/belenzotano.com\/bz\/wp-json\/wp\/v2\/media?parent=3288"}],"wp:term":[{"taxonomy":"product_brand","embeddable":true,"href":"https:\/\/belenzotano.com\/bz\/wp-json\/wp\/v2\/product_brand?post=3288"},{"taxonomy":"product_cat","embeddable":true,"href":"https:\/\/belenzotano.com\/bz\/wp-json\/wp\/v2\/product_cat?post=3288"},{"taxonomy":"product_tag","embeddable":true,"href":"https:\/\/belenzotano.com\/bz\/wp-json\/wp\/v2\/product_tag?post=3288"}],"curies":[{"name":"wp","href":"https:\/\/api.w.org\/{rel}","templated":true}]}}

Bañador Hombre Palmeras

<p>Bañador Hombre Colección Palmeras, bolsillos laterales y cordón Negro.</p>
<p>Secado rápido:</p>
<p>Esta colección la tenemos para toda la familia.</p>
<p>Todos nuestros bañadores están confeccionados artesanalmente en España.</p>
<p>Cuidamos hasta el más mínimo detalle, haciendo de su Calidad y Diseño sean únicos en el mercado.</p>
<p>Si quieres que te asesoremos con tallas, o cualquier otra consulta, escríbenos y te ayudaremos.</p>
<p>COMPOSICIÓN:</p>
<p>:100% Poliester.</p>
<p>&nbsp;</p>

<p>Bañador Hombre Colección Palmeras.</p>
<p><a href="https://belenzotano.com/bz/guia-de-tallas/"><img loading="lazy" decoding="async" class="alignnone wp-image-770" src="https://belenzotano.com/bz/wp-content/uploads/2019/01/boton-tallas.png" alt="" width="204" height="57" /></a></p>
