{"id":3149,"date":"2019-01-12T12:14:37","date_gmt":"2019-01-12T11:14:37","guid":{"rendered":"http:\/\/belenzotano.com\/bz\/?post_type=product&#038;p=3149"},"modified":"2024-03-04T19:22:29","modified_gmt":"2024-03-04T18:22:29","slug":"bikini-nina-2","status":"publish","type":"product","link":"https:\/\/belenzotano.com\/bz\/producto\/bikini-nina-2\/","title":{"rendered":"Bikini Ni\u00f1a Flores Vichy"},"content":{"rendered":"<p>Bikini ni\u00f1a Colecci\u00f3n Flores-Vichy.<\/p>\n<p>Precioso Bikini de Flores combinado con volante en Vichy.<\/p>\n<p>Parte delantera estampada Flores con volante Vichy y \u00a0trasero en color Rosa.<\/p>\n<p>Parte de abajo delantera estampada Flores con volante Vichy y trasero en color Rosa.<\/p>\n<p>Esta colecci\u00f3n la tenemos para toda la familia.<\/p>\n<p>Todos nuestros ba\u00f1adores est\u00e1n confeccionados artesanalmente en Espa\u00f1a.<\/p>\n<p>Cuidamos hasta el m\u00e1s m\u00ednimo detalle, haciendo de su Calidad y Dise\u00f1o sean \u00fanicos en el mercado.<\/p>\n<p>Si quieres que te asesoremos con tallas, o cualquier otra consulta, escr\u00edbenos y te ayudaremos.<\/p>\n<p>COMPOSICI\u00d3N:<\/p>\n<p>90%PA 10% EA<\/p>\n","protected":false},"excerpt":{"rendered":"<p>Bikini ni\u00f1a Colecci\u00f3n Flores-Vichy.<\/p>\n","protected":false},"featured_media":3101,"comment_status":"open","ping_status":"closed","template":"","meta":{"_joinchat":[]},"product_brand":[],"product_cat":[26,351,44],"product_tag":[253,349,344,250,251,249,248,350,161,335],"class_list":{"0":"post-3149","1":"product","2":"type-product","3":"status-publish","4":"has-post-thumbnail","6":"product_cat-tienda-bano","7":"product_cat-coleccion-flores-vichy","8":"product_cat-bikinis-para-ninas-belen-zotano","9":"product_tag-banadores-para-toda-la-familia","10":"product_tag-bikini","11":"product_tag-bikini-nina-origianal-exclusivo","12":"product_tag-bikinis-alta-calidad","13":"product_tag-bikinis-malaga","14":"product_tag-bikinis-ninas","15":"product_tag-bikinis-originales","16":"product_tag-calidad","17":"product_tag-exclusivo","18":"product_tag-nina","19":"pa_coleccion-flores-vichy","20":"pa_tallas-banadores-451","22":"first","23":"outofstock","24":"sale","25":"taxable","26":"shipping-taxable","27":"purchasable","28":"product-type-variable"},"_links":{"self":[{"href":"https:\/\/belenzotano.com\/bz\/wp-json\/wp\/v2\/product\/3149","targetHints":{"allow":["GET"]}}],"collection":[{"href":"https:\/\/belenzotano.com\/bz\/wp-json\/wp\/v2\/product"}],"about":[{"href":"https:\/\/belenzotano.com\/bz\/wp-json\/wp\/v2\/types\/product"}],"replies":[{"embeddable":true,"href":"https:\/\/belenzotano.com\/bz\/wp-json\/wp\/v2\/comments?post=3149"}],"wp:featuredmedia":[{"embeddable":true,"href":"https:\/\/belenzotano.com\/bz\/wp-json\/wp\/v2\/media\/3101"}],"wp:attachment":[{"href":"https:\/\/belenzotano.com\/bz\/wp-json\/wp\/v2\/media?parent=3149"}],"wp:term":[{"taxonomy":"product_brand","embeddable":true,"href":"https:\/\/belenzotano.com\/bz\/wp-json\/wp\/v2\/product_brand?post=3149"},{"taxonomy":"product_cat","embeddable":true,"href":"https:\/\/belenzotano.com\/bz\/wp-json\/wp\/v2\/product_cat?post=3149"},{"taxonomy":"product_tag","embeddable":true,"href":"https:\/\/belenzotano.com\/bz\/wp-json\/wp\/v2\/product_tag?post=3149"}],"curies":[{"name":"wp","href":"https:\/\/api.w.org\/{rel}","templated":true}]}}

Bikini Niña Flores Vichy

<p>Bikini niña Colección Flores-Vichy.</p>
<p>Precioso Bikini de Flores combinado con volante en Vichy.</p>
<p>Parte delantera estampada Flores con volante Vichy y  trasero en color Rosa.</p>
<p>Parte de abajo delantera estampada Flores con volante Vichy y trasero en color Rosa.</p>
<p>Esta colección la tenemos para toda la familia.</p>
<p>Todos nuestros bañadores están confeccionados artesanalmente en España.</p>
<p>Cuidamos hasta el más mínimo detalle, haciendo de su Calidad y Diseño sean únicos en el mercado.</p>
<p>Si quieres que te asesoremos con tallas, o cualquier otra consulta, escríbenos y te ayudaremos.</p>
<p>COMPOSICIÓN:</p>
<p>90%PA 10% EA</p>

<p>Bikini niña Colección Flores-Vichy.</p>
